s 25 a factor of 19225?
True
Does 19 divide 2866185?
False
Is 1092612 a multiple of 498?
True
Is 32 a factor of 753728?
True
Does 14 divide 2021968?
False
Is 49 a factor of 141757?
True
Is 438047 a multiple of 50?
False
Is 12 a factor of 9455195?
False
Does 75 divide 68796?
False
Is 1131592 a multiple of 28?
True
Is 14 a factor of 144843?
False
Does 256 divide 396288?
True
Is 1761375 a multiple of 629?
False
Does 2 divide 383560?
True
Does 181 divide 748616?
True
Does 5 divide 235605?
True
Is 14 a factor of 701663?
False
Is 33329 a multiple of 129?
False
Is 14625 a multiple of 9?
True
Is 146 a factor of 18845757?
False
Is 2766870 a multiple of 866?
True
Is 18 a factor of 45828?
True
Is 334791 even?
False
Is 10578519 a multiple of 594?
False
Is 1443530 a multiple of 81?
False
Does 267 divide 1536318?
True
Is 14674658 a multiple of 10?
False
Does 1933 divide 4723286?
False
Does 109 divide 2092850?
False
Does 13 divide 1461911?
False
Is 5 a factor of 286265?
True
Is 1352107 a multiple of 9?
False
Is 106 a factor of 47634?
False
Is 646503 a multiple of 346?
False
Is 131852 a multiple of 25?
False
Does 4 divide 659847?
False
Is 852170 a multiple of 13?
False
Is 71 a factor of 347332?
True
Is 171117 a multiple of 13?
False
Is 36 a factor of 1726704?
True
Does 20 divide 403379?
False
Is 9372225 a multiple of 276?
False
Does 32 divide 181792?
True
Does 64 divide 3842236?
False
Is 143 a factor of 75933?
True
Is 24264000 a multiple of 720?
True
Is 362 a factor of 747892?
True
Is 11 a factor of 494813?
True
Does 18 divide 1719442?
False
Is 15 a factor of 335490?
True
Is 67 a factor of 278251?
True
Is 20162 a multiple of 292?
False
Does 9 divide 49428?
True
Is 9722580 a multiple of 7?
True
Does 13 divide 36196?
False
Does 63 divide 756882?
True
Is 75 a factor of 13157925?
True
Is 115 a factor of 344770?
True
Does 25 divide 10100?
True
Is 710 a factor of 123540?
True
Is 5 a factor of 91?
False
Is 96431 a multiple of 31?
False
Does 7 divide 25065?
False
Is 14 a factor of 444696?
True
Is 3 a factor of 81555?
True
Is 232716 a multiple of 66?
True
Does 114 divide 41107?
False
Does 13 divide 27220?
False
Is 11 a factor of 24535719?
False
Does 8 divide 11608?
True
Is 249 a factor of 10770756?
False
Is 62 a factor of 90148?
True
Does 27 divide 75924?
True
Is 55 a factor of 108405?
True
Does 9 divide 5967074?
False
Does 11 divide 1191923?
False
Does 44 divide 940026?
False
Is 35 a factor of 37985?
False
Is 5 a factor of 861015?
True
Does 557 divide 7231531?
True
Is 97143 a multiple of 4?
False
Does 40 divide 448720?
True
Is 392292 a multiple of 1054?
False
Does 44 divide 100892?
True
Is 348725 a multiple of 725?
True
Does 162 divide 238626?
True
Does 390 divide 8519458?
False
Is 112200 a multiple of 40?
True
Is 18 a factor of 1493633?
False
Is 786980 a multiple of 109?
True
Is 11 a factor of 243870?
True
Does 245 divide 322652?
False
Is 225 a factor of 348734?
False
Is 17 a factor of 790398?
True
Does 62 divide 1844?
False
Is 1642918 a multiple of 81?
False
Does 782 divide 1996011?
False
Is 5584 a multiple of 349?
True
Is 59082 a multiple of 723?
False
Is 880199 a multiple of 2?
False
Is 3 a factor of 1933896?
True
Is 162 a factor of 884628?
False
Does 225 divide 316125?
True
Is 123 a factor of 367893?
True
Is 192711 a multiple of 67?
False
Is 574565 a multiple of 45?
False
Is 218 a factor of 2283355?
False
Does 336 divide 3024?
True
Is 68 a factor of 32617787?
False
Does 60 divide 2062366?
False
Does 125 divide 133873?
False
Is 108215 a multiple of 130?
False
Is 10 a factor of 122508?
False
Does 19 divide 3331555?
True
Does 125 divide 98834?
False
Is 15029768 a multiple of 13?
True
Does 358 divide 189382?
True
Does 20 divide 4100?
True
Is 3 a factor of 16984?
False
Does 217 divide 112189?
True
Does 38 divide 4101758?
True
Is 880620 a multiple of 65?
True
Does 229 divide 2149459?
False
Is 1558390 a multiple of 515?
True
Does 57 divide 324686?
False
Does 31 divide 108684?
False
Is 130354 a multiple of 34?
False
Is 1102 a factor of 4686806?
True
Is 18 a factor of 115848?
True
Does 10 divide 319794?
False
Is 2644092 a multiple of 66?
True
Is 2599232 a multiple of 32?
True
Is 251929 a multiple of 114?
False
Is 11 a factor of 1384834?
True
Does 11 divide 293376?
False
Is 307892 a multiple of 124?
True
Is 123 a factor of 995504?
False
Does 77 divide 177820?
False
Is 75 a factor of 750?
True
Is 178 a factor of 40584?
True
Is 23 a factor of 18906?
True
Does 11 divide 13312035?
True
Is 888862 a multiple of 33?
False
Is 201725 a multiple of 25?
True
Does 21 divide 107940?
True
Does 19 divide 19525177?
False
Does 25 divide 934?
False
Is 150004 a multiple of 22?
False
Is 664577 a multiple of 163?
False
Is 6 a factor of 13214?
False
Is 1202928 a multiple of 19?
True
Is 72638 a multiple of 13?
False
Does 21 divide 4481190?
True
Is 60697 a multiple of 91?
True
Is 23987 a multiple of 19?
False
Is 54318 a multiple of 30?
False
Is 7 a factor of 638800?
False
Is 15450434 a multiple of 36?
False
Does 30 divide 7449450?
True
Is 3 a factor of 615025?
False
Is 39 a factor of 9439560?
True
Is 654295 a multiple of 527?
False
Is 625560 a multiple of 156?
True
Is 242152 a multiple of 8?
True
Does 90 divide 295726?
False
Does 691 divide 73937?
True
Does 21 divide 5351?
False
Is 31992 a multiple of 7?
False
Does 326 divide 2608?
True
Is 80185 a multiple of 96?
False
Is 37536967 a multiple of 13?
True
Is 91 a factor of 1164163?
True
Does 33 divide 4589381?
False
Does 6 divide 71230?
False
Is 243 a factor of 694737?
True
Does 51 divide 780351?
True
Does 90 divide 2810378?
False
Is 153972 a multiple of 273?
True
Does 357 divide 194626?
False
Does 7 divide 810079?
False
Is 8 a factor of 7676?
False
Does 122 divide 300608?
True
Is 91 a factor of 729547?
True
Is 18 a factor of 1458?
True
Is 313 a multiple of 16?
False
Is 13707648 a multiple of 192?
True
Is 45 a factor of 137230?
False
Is 9 a factor of 72243?
True
Is 90520 a multiple of 62?
True
Is 24133901 a multiple of 251?
True
Is 504161 a multiple of 9?
False
Is 6350502 a multiple of 226?
False
Does 4 divide 37243?
False
Is 335972 a multiple of 364?
True
Does 14 divide 114884?
True
Is 304722 a multiple of 99?
True
Is 201 a factor of 227733?
True
Does 35 divide 2097958?
False
Is 1311 a factor of 6509115?
True
Is 15 a factor of 24330?
True
Is 2 a factor of 71771?
False
Does 82 divide 435294?
False
Is 116 a factor of 79735?
False
Does 33 divide 3962541?
True
Is 156907 a multiple of 89?
True
Is 172039 a multiple of 223?
False
Is 455598 a multiple of 198?
True
Does 17 divide 17705415?
True
Is 424890 a multiple of 45?
True
Does 76 divide 467434?
False
Does 125 divide 94107?
False
Is 1529 a factor of 5060622?
False
Does 11 divide 88975?
False
Does 27 divide 356994?
True
Is 1542 a factor of 4536564?
True
Does 14 divide 4237324?
True
Does 135 divide 84915?
True
Is 134 a factor of 77241?
False
Is 264 a factor of 2119920?
True
Does 103 divide 5763674?
True
Does 3 divide 60402?
True
Is 434105 a multiple of 77?
False
Is 4940733 a multiple of 7?
True
Is 1230 a factor of 6121710?
True
Is 102 a factor of 708798?
True
Is 539110 a multiple of 10?
True
Is 79 a factor of 5977?
False
Is 357 a factor of 2381018?
False
Is 382 a factor of 6112?
True
Is 13 a factor of 3024469?
False
Does 55 divide 33055?
True
Does 2 divide 663847?
False
Is 47810 a multiple of 35?
True
Does 59 divide 173755?
True
Is 62 a factor of 5052752?
True
Is 368672 a multiple of 6?
False
Is 9 a factor of 6644175?
False
Does 183 divide 8464?
False
Does 5 divide 19955?
True
Is 9521184 a multiple of 1416?
True
Does 340 divide 692580?
True
Is 555324 a multiple of 462?
True
Does 35 divide 464878?
False
Is 10 a factor of 625110?
True
Is 1448104 a multiple of 13?
False
Is 37012 a multiple of 114?
False
Does 97 divide 143131?
False
Does 25 divide 334782?
False
Is 3 a factor of 30133?
False
Does 227 divide 343589?
False
Is 11495 a multiple of 3?
False
Does 6 divide 11072?
False
Is 91 a factor of 3058982?
False
Does 133 divide 658067?
False
Is 268336 a multiple of 62?
True
Is 190069 a multiple of 11?
True
Is 15 a factor of 16989037?
False
Does 11 divide 18899?
False
Is 1475 a multiple of 27?
False
Does 10 divide 2962260?
True
Does 245 divide 20371995?
True
Does 209 divide 3790291?
False
Is 275560 a mult